) = -246*k**3 - 2*k**2 + 48*k - 21. Is c(-10) composite?
False
Suppose 0 = x + 4*r - 9, 4*x - 2*r - r = -2. Let c(m) = 1638*m**2 + 3*m + 1. Is c(x) prime?
False
Let q = 1197340 - 243137. Is q composite?
False
Suppose 2*q + 3*w = -60, -4*w = -5*q + 2*q - 124. Let z be q/63*14/(-4). Is ((-2 + 6)/(-4))/(z/(-4106)) composite?
False
Let y(h) = 13*h + 319. Let z be y(10). Suppose -445*p = -z*p + 9308. Is p a composite number?
True
Suppose 2*j - 3*n = 15607, -j - 1320 = -4*n - 9131. Is j a composite number?
True
Let m(q) = 1661*q**2 + 20*q + 32. Is m(-11) prime?
False
Let o be -10*(-5)/(-25)*21. Let d = -38 - o. Suppose 2*h + 2*r - 1433 = -h, 0 = -3*h + d*r + 1445. Is h composite?
False
Let q = -7931 - -17436. Let r(i) = -11*i + 132. Let a be r(12). Suppose a = 4*p - q + 3365. Is p a composite number?
True
Suppose 4*w = -p - 0*p - 3, 0 = w - 4. Let n be (p + 4)*(-2)/6. Suppose -5*b - n = 0, -6175 = -4*j + b + 2*b. Is j a prime number?
True
Let g(z) = 15*z**2 - 32*z - 8. Let r be g(-13). Let k = 1607 - r. Let i = k + 4565. Is i prime?
True
Let p = -34 - 14. Let s = -43 - p. Suppose -3*i + 1093 = 2*y, i - 1948 = -s*y + 804. Is y prime?
False
Let f = -620507 - -1527148. Is f prime?
True
Suppose -50*z + 953953 = 41*z. Is z a composite number?
True
Is (33 + -610724)*(1 + -2) prime?
False
Suppose -2*z + 364514 = 2*c, -2*z = 22*c - 24*c + 364490. Is c a composite number?
True
Let k = 30003 + 477178. Is k a prime number?
False
Suppose 0 = 39*p - 61845 - 127734. Is p a composite number?
False
Let s = -92 + 94. Suppose 3*z = -k + s, 2 = 2*z - 2*k + 3*k. Suppose z = 2*d + 2, -n + 5 = -d - 63. Is n a prime number?
True
Suppose -2*r = -y - 64, 2*r - 4*y = -5*y + 60. Let q = r + -28. Suppose 0 = 5*s + 2*g - 4795, -g - q*g = 0. Is s a composite number?
True
Is (3 + (-10)/3)*(-12 - (11 + 27310)) composite?
True
Let w = 604914 - 265021. Is w composite?
True
Let k(a) = -24*a**3 + 33*a**2 + 102*a + 214. Is k(-19) prime?
False
Suppose 2*a - 3 = -5, -13 = -4*g - 3*a. Suppose -g*b - 16 = 0, 6 = -4*v + 3*v - 2*b. Suppose 70 = -v*i - 3*t + 369, i - 151 = -2*t. Is i prime?
False
Suppose 143920 = 34*b - 57870. Let p = b + -1290. Is p prime?
False
Let w(b) = 95*b - 41. Let j be w(-20). Let c = j + 4955. Suppose y - 3122 = -3*v, -2156 - c = -5*v + 5*y. Is v composite?
False
Suppose -2*w - 22 = -5*z, 2*w - 2 = 4*w. Suppose -3*y = 5*d - 2729, 3658 = z*y - 0*y - 3*d. Is y a composite number?
True
Suppose -5*x + 15*j + 247485 = 13*j, 2*x = 2*j + 98988. Is x a prime number?
True
Let h = 47 + -7. Suppose a = -5*y - 4*a + 10, a + h = 5*y. Let p(j) = 111*j - 8. Is p(y) composite?
False
Let l = 1339389 + 1118218. Is l a prime number?
True
Suppose -8*u = -114076 - 108012. Suppose b - 55542 = -b + k, b + 2*k = u. Is b prime?
False
Suppose -62*u + 703792 = 18*u - 356928. Is u a prime number?
True
Let w(h) = 1317*h**2 + 168*h + 169. Is w(28) a prime number?
True
Let l(q) = -2505*q - 7. Is l(-44) a prime number?
False
Let a = 30448 + -7019. Is a a composite number?
True
Let d = -229 - -229. Suppose d = -28*i + 6*i + 23518. Is i prime?
True
Let z(q) = 425*q - 331. Suppose c + 5*d + 81 - 72 = 0, d = 5*c - 85. Is z(c) composite?
False
Let g = -331 - 59. Let b = -1435 - -750. Let h = g - b. Is h a prime number?
False
Let k be (73 + 1)*4/(32/700). Let g = k + -3545. Suppose g = 10*q - 0*q. Is q composite?
False
Is (880/70 + -13)*-97741 a composite number?
True
Suppose -20 = -4*a, 15*a = 3*p + 14*a + 47. Let x(o) = -11*o**3 + 10*o**2 + 29*o + 67. Is x(p) composite?
True
Let v(h) = 42459*h + 2668. Is v(7) composite?
False
Suppose 0 = -6*m - 6. Let v be 5 - (m - -2)*(2 + -1). Suppose v*c = 204 + 12608. Is c a prime number?
True
Let a be 1/2*(26/2 - 5). Suppose 4*m + 0*m - 8 = 0. Suppose -4*s = -7*n + a*n - 1522, -m*n = -2*s + 762. Is s prime?
True
Let w(o) = -129*o - 59. Is w(-2) prime?
True
Let v be (-10)/15*(2 + -85676). Is -3*6/30 - v/(-10) prime?
True
Let v = -92 - -96. Suppose 5*m = 15, 5*s - 4*s - v*m - 3781 = 0. Is s a composite number?
False
Is 37/2*(-36 + 3502) prime?
False
Suppose -14510 = -b - 3*g, -33427 = 5*b - g - 106025. Is b composite?
False
Let h be (-34 - -29)*(-20728)/10. Suppose -43109 - h = -a. Is a composite?
True
Let p(v) = 23*v - 142. Let z be p(6). Is (10/z)/((-8)/464) a composite number?
True
Suppose 3*h + 4*m - 18314 = 0, 0*h + 3*m + 12232 = 2*h. Suppose -3*y + 4*y = -2*v + 2449, -5*v - 5*y + h = 0. Suppose 0 = -4*w + 2609 + v. Is w prime?
False
Suppose 4*l = 3*q + 569075, -2*q = -5*l + 592502 + 118847. Is l prime?
True
Let q be (-668655)/(-91) - 2/(-14). Suppose -910 = 6*t - q. Is t composite?
True
Let q = 162 + 108. Suppose 0 = -0*g - 5*g - q. Is 12/g - (-9742)/18 a composite number?
False
Let s(l) = 600*l**2 + 3*l - 5. Let b be s(2). Suppose -5*o + b = -1054. Is (o/2)/((-17)/(-34)) a prime number?
True
Let g(s) be the second derivative of 7*s**3/2 + 7*s**2 + s. Let r be (-210)/63*(-3)/2. Is g(r) composite?
True
Let n = -64 - -66. Suppose -6*m - 19 = -5*c - 3*m, n*c - 5*m = 0. Suppose 2*z + c = 35. Is z composite?
True
Let y(o) = 6*o + 24. Let s(f) = -7*f - 25. Let g(p) = 5*s(p) + 6*y(p). Let k be g(-14). Suppose 143 = 3*q - k*c, -140 = -3*q + c + c. Is q composite?
True
Suppose -2*m + 700 = -m + 2*p, 4*p + 1384 = 2*m. Is -115*(m/(-10) + -5) prime?
False
Let p be (-2 + 6)/(12323/(-12325) + 1). Let o = p - 9103. Is o composite?
True
Let q(x) be the third derivative of -x**6/60 + x**5/15 + x**4/8 - x**3/2 + x**2. Is q(-2) a prime number?
True
Let r(k) = 130*k**3 - 10*k**2 + 2*k + 97. Is r(6) a composite number?
True
Let h be 87/5 + (-12)/(-20). Suppose 5*x + l = 20, -x + 0*l = 3*l - h. Is 31/x*72/12 composite?
True
Suppose w = 5*n + 320, 5*n + 412 = -4*w + 1667. Suppose 4*r + 22 = -j + w, 3*r = -j + 219. Is r composite?
True
Let n = 18005 - 10129. Suppose 0 = -i, 0 = 9*q - 5*q - 2*i - n. Is q prime?
False
Suppose -3725 = -5*x - 5*n, -2*x + 4*x - 5*n = 1497. Is -2*13*3/(-12)*x prime?
False
Let i be 52/14 - (-4)/14. Is (-338 + i)*4/(-8) prime?
True
Let z be 8 + 11/((-55)/30920). Let a = 12502 + z. Is a a composite number?
True
Let q(c) = c**3 + 10*c**2 - 2*c - 19. Let y be q(-10). Suppose 9 = 2*b - y. Suppose -b*r = 42 - 147. Is r composite?
True
Suppose -2*v + 16 = -2*p, -v + 5*p + 4 = v. Let f be 10280/v - 3/(-2 - 7). Suppose f + 3411 = 4*u. Is u composite?
True
Let z(u) = 16*u**3 + 77*u**2 - 1257*u + 41. Is z(22) a prime number?
True
Suppose -256*k = -260*k + 16, -3*y = 4*k - 25. Let o be (14/(-4))/((-2)/1608). Suppose -y*h = -3*i + o, -4 + 9 = -5*h. Is i composite?
False
Let r(i) = i**2 + 29*i + 167. Let a be r(-21). Is 9411*(a/(-3))/(1/5) a composite number?
True
Is (11 - 223)/(4/(-821)) a composite number?
True
Is 1846762/14 - -2 - (10 - 730/70) composite?
True
Let c(r) = 3*r + 5224*r**2 - 10*r + 10*r. Is c(1) a prime number?
True
Suppose -3*i = -4*j - 80177, 14*j = 5*i + 15*j - 133659. Suppose p - q = i, 5*p + q + 1813 = 135492. Is p composite?
True
Let c(a) = -35359*a + 1501. Is c(-4) composite?
True
Suppose 2 = 9*b - 16. Suppose 2*o = u + 2*u + 3585, b*o - 3603 = -3*u. Is o a composite number?
True
Suppose -j = -4*j + z + 25, j = z + 5. Let n be ((-3)/(-2))/(9/5736). Suppose 0 = -6*w + j*w - n. Is w prime?
True
Is (-93878)/(-1) - 9/(-13 - -10) a composite number?
True
Let b = 176496 + 81941. Is b composite?
False
Suppose 3*d - 4*n + 351158 = 5*d, 2*n = 2*d - 351140. Is d a prime number?
True
Suppose 2*r = -3*n + 25, 3*n + 34 = 5*n - 3*r. Let h(g) be the first derivative of 10*g**2 + 13*g - 2. Is h(n) prime?
True
Let a(d) = 6*d**3 - 5*d**2 + 10*d - 13. Let s(h) = h**2 + 5*h + 13. Let j be s(-6). Let o = -13 + j. Is a(o) a prime number?
True
Let g = 153884 - -36555. Is g composite?
True
Let y(r) = -r**3 - 11*r**2 + 27*r + 17. Let c be y(-13). Suppose 0 = -13*h + 8*h - 25, -2*h + 1506 = c*d. Is d composite?
False
Suppose -k + 2 = 0, -6*u + u - 5*k - 5 = 0. Is 42/126*((-126963)/u + 0) a composite number?
False
Suppose 8*f - 187 = 181. Suppose -37*k = -f*k + 50121. Is k prime?
True
Let v = -9098 - -2311. Let l = v - -9674. Is l a composite number?
False
Suppose -6*w - 21 = -69. Is (68/132 - w/44)*222 a prime number?
False
Suppose 39655762 - 60431782 = -132*l + 96435492. Is l a prime number?
False
Let v(o) = -2*o**2 + 23*o + 13. Let c be v(10). Suppose 2*j = -33 + c.